{"id":473,"date":"2022-07-29T11:30:24","date_gmt":"2022-07-29T11:30:24","guid":{"rendered":"https:\/\/cyberstudiesinstitute.co.za\/index.php\/product\/building-face-appliques\/"},"modified":"2023-09-06T07:02:27","modified_gmt":"2023-09-06T07:02:27","slug":"building-face-appliques","status":"publish","type":"product","link":"https:\/\/cyberstudiesinstitute.co.za\/index.php\/product\/building-face-appliques\/","title":{"rendered":"Building Face Appliqu\u00e9s"},"content":{"rendered":"<h3>Overview<\/h3>\n<p>Want to make your own masks for your next masquerade? Do you want the same exotic look that Lady Gaga had during her super bowl show? Have you ever wanted to build masks and create exotic New Orleans inspired appliqu\u00e9s? If you answered yes to any of these questions, then you should enroll in our \u201cbuilding face appliqu\u00e9s\u201d course today! Our Makeup and Mask Appliqu\u00e9 expert, Kara Winslow, will show you how to design, create and apply lace and crystal masks. This course will go through three different types of appliqu\u00e9s that you can create; feather and rhinestone, crystal, and lace mask. Kara will first go through how to get started on making the appliqu\u00e9s; what tools to use and products are needed. You will then be given a step by step guide to make the appliqu\u00e9s. After they are created, a model will be brought in to apply the appliqu\u00e9s which Kara will prep the models face and once applied, add makeup to finish the look. Instructor \u2013 Kara Winslow<\/p>\n","protected":false},"excerpt":{"rendered":"<p><strong>| Total Course Video Hours:<\/strong> 2 Hrs 46 Min<br \/>\n<strong>|\u00a0 Videos: <\/strong>14<br \/>\n<strong>|\u00a0 Course Access:<\/strong> 12 Months Unlimited Access<br \/>\n<strong>|\u00a0 Study Method:<\/strong> Online Video Lessons<br \/>\n<strong>|\u00a0 Course Type:<\/strong>\u00a0Certificate Course<br \/>\n<strong>|\u00a0 Award:<\/strong> Cyber Studies Institute<\/p>\n","protected":false},"featured_media":0,"comment_status":"open","ping_status":"closed","template":"","meta":[],"product_brand":[],"product_cat":[55],"product_tag":[],"class_list":{"0":"post-473","1":"product","2":"type-product","3":"status-publish","5":"product_cat-lifestyle-self-improvement","7":"first","8":"instock","9":"sale","10":"virtual","11":"purchasable","12":"product-type-simple","13":"customify-col"},"aioseo_notices":[],"_links":{"self":[{"href":"https:\/\/cyberstudiesinstitute.co.za\/index.php\/wp-json\/wp\/v2\/product\/473","targetHints":{"allow":["GET"]}}],"collection":[{"href":"https:\/\/cyberstudiesinstitute.co.za\/index.php\/wp-json\/wp\/v2\/product"}],"about":[{"href":"https:\/\/cyberstudiesinstitute.co.za\/index.php\/wp-json\/wp\/v2\/types\/product"}],"replies":[{"embeddable":true,"href":"https:\/\/cyberstudiesinstitute.co.za\/index.php\/wp-json\/wp\/v2\/comments?post=473"}],"version-history":[{"count":2,"href":"https:\/\/cyberstudiesinstitute.co.za\/index.php\/wp-json\/wp\/v2\/product\/473\/revisions"}],"predecessor-version":[{"id":1817,"href":"https:\/\/cyberstudiesinstitute.co.za\/index.php\/wp-json\/wp\/v2\/product\/473\/revisions\/1817"}],"wp:attachment":[{"href":"https:\/\/cyberstudiesinstitute.co.za\/index.php\/wp-json\/wp\/v2\/media?parent=473"}],"wp:term":[{"taxonomy":"product_brand","embeddable":true,"href":"https:\/\/cyberstudiesinstitute.co.za\/index.php\/wp-json\/wp\/v2\/product_brand?post=473"},{"taxonomy":"product_cat","embeddable":true,"href":"https:\/\/cyberstudiesinstitute.co.za\/index.php\/wp-json\/wp\/v2\/product_cat?post=473"},{"taxonomy":"product_tag","embeddable":true,"href":"https:\/\/cyberstudiesinstitute.co.za\/index.php\/wp-json\/wp\/v2\/product_tag?post=473"}],"curies":[{"name":"wp","href":"https:\/\/api.w.org\/{rel}","templated":true}]}}